der when m is divided by 8.
7
Let m = -8 - -18. What is the remainder when 27 is divided by m?
7
Calculate the remainder when -4 + 31 + (-1 - 2) + -2 is divided by 5.
2
Calculate the remainder when ((-1)/(-2))/((-2)/(-76)) is divided by 7.
5
Calculate the remainder when 2/4 + (-282)/(-12) is divided by 7.
3
Let n(r) = r**3 + 5*r**2 + 3. Let p(y) = 3*y**2 + y - 4. Let g be p(-3). Suppose 4*t = -0*t - g. What is the remainder when 6 is divided by n(t)?
0
Suppose -5*p - c + 641 = 0, 204 = 2*p - 5*c - 74. Suppose -5*w - y - 2*y + 318 = 0, p = 2*w + 3*y. What is the remainder when w is divided by 22?
19
Suppose 20 = -0*v + 5*v, -4*v - 122 = -3*y. What is the remainder when y is divided by 30?
16
Let c(f) = f + 1. Let z = 0 - 0. Let o(q) = q**3 + 6*q**2 + 1. Calculate the remainder when c(z) is divided by o(-6).
0
Suppose -5*q - 20 = k + k, 0 = -3*k + 4*q + 16. Suppose -3*n = 4*i - 8*n - 71, k = -2*i - 3*n + 19. What is the remainder when 27 is divided by i?
13
Let j = 72 - 16. Suppose a = 5*a - j. Let n = 19 - -21. Calculate the remainder when n is divided by a.
12
Suppose -y + 13 = -3*t, 0 = 2*y + y + 4*t. Suppose -3*z + 175 = y. Suppose 0*p + z = 5*p - 3*w, -p + 1 = 2*w. Calculate the remainder when p is divided by 5.
4
Suppose -5*b = 9 - 39. Calculate the remainder when 22 is divided by b.
4
Let p(q) = -9*q**3 + 3*q - 2. Let b(s) = -4*s**3 + 2*s - 1. Let z(d) = -5*b(d) + 3*p(d). What is the remainder when z(-1) is divided by 9/(-2)*6/(-9)?
1
Let r(g) = 32*g - 3. Let s be r(3). Suppose -b = m - 24, -4*m - b + s + 3 = 0. Suppose 0 = 4*c - c - m. Calculate the remainder when 23 is divided by c.
7
Let l(j) = -2*j + 1. Let i be l(-1). Suppose 0 = -i*m + 7*m - 168. Suppose -6*k + 3*k + m = 0. Calculate the remainder when k is divided by 5.
4
Let z be (-4)/16 + 13/4. Suppose 39 = z*f - 3*k, -2*k + k = f - 19. Calculate the remainder when 30 is divided by f.
14
Suppose 33 = g - 55. What is the remainder when g is divided by 18?
16
Let g(k) = 12*k**2 + k + 1. Let s be g(-1). Let d = s - -21. Calculate the remainder when d is divided by 12.
9
Let y = 19 + 50. What is the remainder when y is divided by 14?
13
Suppose -3*z + 106 = -53. Calculate the remainder when z is divided by 30.
23
Suppose -4 = -4*w, 2*l = 4*w + 49 + 17. Suppose 4*j + j = l. Let h = -41 + 60. What is the remainder when h is divided by j?
5
Let b(d) = d + 1. Let t(s) = -2*s**3 + 5*s**2 + 3*s + 4. Let y(u) = b(u) - t(u). What is the remainder when y(4) is divided by 13?
11
Let u = 0 + 7. What is the remainder when u is divided by 2?
1
Let m(z) = -z**2 + 10*z + 11. Calculate the remainder when 1*(79 - 2)/1 is divided by m(9).
17
Let p = -25 + 39. What is the remainder when 41 is divided by p?
13
Let j(v) = -5*v**2 - 1. Let u(x) = -6*x**2 + x. Let q(c) = -7*j(c) + 6*u(c). Calculate the remainder when 45 is divided by q(5).
9
Let k = 9 + -17. Let c(v) = v**2 + 8*v + 4. Let t be c(k). Suppose 0 = l + t*m - 23, 0 = -5*l + 2*m - 7*m + 40. Calculate the remainder when 7 is divided by l.
1
Let r = 24 + -21. Calculate the remainder when r is divided by 1.
0
Let z be (-3)/((-3)/86 + 0). Let g = 0 + z. Calculate the remainder when 25 is divided by g/10 + (-4)/(-10).
7
Let g(x) = -12*x - 4. Calculate the remainder when 57 is divided by g(-2).
17
Calculate the remainder when ((-168)/(-10))/(-4)*(-18 - -3) is divided by 13.
11
What is the remainder when 126 is divided by -2 - -4*51/6?
30
Suppose 10*t = 3*t + 742. What is the remainder when t is divided by 28?
22
Calculate the remainder when 256 - (2 + 4 + -11) is divided by 44.
41
Suppose -28 = -2*o + 60. Suppose 31 = 3*p - o. What is the remainder when p is divided by 13?
12
Let i(f) = -f**3 + 2*f**2 + 6*f + 4. Calculate the remainder when i(-5) is divided by 10.
9
Let a be (12/2)/2*1. Suppose 3*q + 4 + 8 = 0, 3*c = a*q + 30. Suppose -3*s = -0*s - c. What is the remainder when 5 is divided by s?
1
Let y = -30 - -14. Let t(w) = -w**3 - 15*w**2 + 12*w + 7. Calculate the remainder when t(y) is divided by 24.
23
Let u(f) = f**2 - 9*f - 33. What is the remainder when u(13) is divided by 14?
5
Let h(a) = 5*a - 7. Let f = 13 + -7. Suppose -2*x + 3*g = -32 + 1, 4*x - 42 = 2*g. Calculate the remainder when h(f) is divided by x.
7
Let d(m) = 5*m**2 - 4*m - 4. Let t be d(-4). Suppose 2*q - t = -2*q. Calculate the remainder when 44 is divided by q.
21
Let j(w) = w + 9. Let o be j(-7). Let i(b) = -3*b - 3*b - 3*b**2 - 1 + o*b**2. What is the remainder when i(-3) is divided by 5?
3
Suppose 3 = -2*v + 1. Calculate the remainder when 28 is divided by 58/4 - v/2.
13
Let m(r) = -r**2 + 8*r + 5. Suppose 7 = -5*a - 4*b + 49, 3*b - 9 = 0. What is the remainder when 98/3 - 1/(-3) is divided by m(a)?
16
Suppose -2*a + 2*m + 12 = -0*m, 0 = -5*a + 4*m + 27. Let w be (-1 - -1) + (-16)/(-4). Suppose w*y - 28 = 4. Calculate the remainder when y is divided by a.
2
Let g be 4/6*12 - 0. Suppose -5*k = -g - 27. Suppose k*n - 56 = 3*n. Calculate the remainder when 40 is divided by n.
12
Suppose -3*k = -8*k + 65. Suppose 0 = -3*t + 3, t - 3*t - 5 = -b. Suppose -3*r = -2*z - b, 32 = 4*r + 6*z - 3*z. Calculate the remainder when k is divided by r.
3
Let k = 70 - 54. Calculate the remainder when 30 is divided by k.
14
Suppose 2*v + 3*f + 32 = 0, 0 = 3*v + f + 2*f + 54. Calculate the remainder when 63 is divided by 1/((-1)/v*1).
19
Suppose -n + 812 = 5*k, k - n = 5*k - 649. What is the remainder when k is divided by 33?
31
Let w be 60/2 + 4 + -6. Suppose 3*c = w + 14. What is the remainder when (4/(-6))/(c/(-483)) is divided by 8?
7
Let k = 283 - 168. Suppose -4*a + k = -5*m - 0*m, 2*m + 88 = 3*a. What is the remainder when a is divided by 8?
6
Let d(v) = -v**3 - 6*v**2 - 3*v - 7. Let i = -3 + -3. Calculate the remainder when 32 is divided by d(i).
10
Suppose -34*p - 110 = -45*p. What is the remainder when 19 is divided by p?
9
Let u = 10 + -10. What is the remainder when (13/(-2) - u)*-6 is divided by 20?
19
Suppose -4*a + 21 = 3*f, 0 = -5*f + 3*f + 5*a + 37. What is the remainder when 21 is divided by f?
10
Let o(c) = 105*c - 3. What is the remainder when o(1) is divided by 21?
18
Let m = -2 + 4. Let d(k) = 3*k**3 + k - 2. Let z be d(m). What is the remainder when (-1)/4 + 174/z is divided by 4?
3
Let k be (-156)/2*(-2)/(-4). Let u = -23 - k. Suppose 0 = -d - x + 5*x + 50, -233 = -5*d + 3*x. Calculate the remainder when d is divided by u.
14
Let p be (2 - (-6)/(-2))/(-1). What is the remainder when 27 is divided by 1*-3 - (-17)/p?
13
Let q be (28/10)/(3/15). Suppose p + q = 43. Let g(b) = 2*b + 4. What is the remainder when p is divided by g(3)?
9
Suppose 0 = 31*r - 12*r - 570. Calculate the remainder when 179 is divided by r.
29
Suppose h = 48 - 4. Calculate the remainder when h is divided by 23.
21
Suppose j - 6*j + 170 = 0. Calculate the remainder when j is divided by 13.
8
Let d be 6/9 - (-67)/3. Suppose -o - 2*k = -12, -3*k - d = o - 8*k. Calculate the remainder when o is divided by 1.
0
Suppose 0 = -k + 180 + 88. Suppose k = h + 3*h. What is the remainder when h is divided by 23?
21
Let q = -8 - -13. Suppose -q = -h + 11. Calculate the remainder when 47 is divided by h.
15
Let s(f) = -f**3 + 6*f**2 - 6*f + 6. Let y be 0 + 0 - (2 - 2). Calculate the remainder when (y + 4/2)*13 is divided by s(4).
12
Let x = -217 - -331. Suppose t - x = -t. Calculate the remainder when t is divided by 15.
12
Let m(d) = -d**3 + 7*d**2 - 6*d - 2. Let w be m(6). Let c = -156 - -172. What is the remainder when c is divided by 9 + -1 + 3 + w?
7
What is the remainder when 2/(-8) - 148/(-16) is divided by 2?
1
Let a = -138 - -253. What is the remainder when a is divided by 29?
28
Let z(v) = 2*v**2 - 2*v + 1. Let m be z(1). Suppose -m = -n + 3. Calculate the remainder when 15 is divided by n.
3
Let c(j) = 7*j + 13. Calculate the remainder when c(9) is divided by 27.
22
What is the remainder when (1/1)/(6/468) + 3 is divided by 21?
18
Let d(t) = -2*t**2 + 2*t + 9. Let h be d(5). Let a = h - -60. What is the remainder when a is divided by -6*(-3)/((-6)/(-5))?
14
Let u(g) = 2*g**3 + 1. Let t be u(1). Calculate the remainder when 42 is divided by 2 + t + -5 + 22.
20
Suppose -29 + 1 = 4*l. Let g = l + 9. Calculate the remainder when 5 is divided by g.
1
Let p = -4 + 6. Suppose p*m + 4 - 40 = 0. Calculate t